= -3*f - 0*z. Suppose 0*q + f = 3*q + 2*d, -d = q - 4. Suppose 393 = x - q*i - 454, 3*x = 4*i + 2574. Is x a prime number?
False
Suppose 0*h - 4604 = -4*f - 2*h, 2296 = 2*f + 4*h. Let d = f - 419. Is d composite?
False
Let n be ((-24)/12)/(4/(-234)). Suppose t = -0*t + n. Let i = t - 34. Is i prime?
True
Suppose 182353 - 49873 = 10*m. Suppose 0 = -31*a + m + 318731. Is a a prime number?
True
Let l(u) = -5*u**2 - 7*u + 12. Let k be l(-8). Let q = k - -641. Is q prime?
True
Suppose 2*n + 2*h - 176592 = 0, 685*n - 686*n + 88326 = -5*h. Is n composite?
False
Suppose -25660 = -2*y - 0*y. Suppose 5*o - y - 1395 = 0. Suppose 0 = -5*f - 4*t + o, 3*f - 642 = -3*t + 1068. Is f a composite number?
True
Let v be (13 + -12)*(0 - 4)/(-1). Suppose -2*i + 2473 = -3*k, 4891 = v*i + 3*k + 2*k. Is i a prime number?
True
Let p = 177 - 179. Is 307/p*(-33 + 31) composite?
False
Suppose 0 = -510*r + 549*r - 323193. Is r composite?
False
Let n = -1711 + 24242. Is n prime?
True
Let i(y) = 4 + 2 + 3 - 168*y + 43*y. Let r be i(-3). Suppose j - 175 - r = 0. Is j composite?
True
Suppose -2*a = -1 + 1. Suppose a = -759*u + 757*u + 13274. Is u a prime number?
True
Suppose -131356 = -4*g + 2*x, -5*g - 98517 = -8*g + 4*x. Is g a composite number?
False
Is (-16)/14 + (-9865017)/(-203) a composite number?
True
Suppose 0 = -h + 904 + 482. Let z = h + 713. Is z prime?
True
Let p(y) = 152*y**2 - 80*y + 41. Is p(19) a composite number?
True
Suppose -64*r = -69*r + 20. Suppose -8*d + 80988 = r*d. Is d a prime number?
False
Suppose 1674*i - 1678*i - 2*r = -2821020, -2*r = 16. Is i a prime number?
True
Suppose 830 = -4*w + 2758. Suppose 3*d = -12, -34*s + d - 1142 = -28*s. Let t = s + w. Is t a prime number?
False
Suppose -2*y - 2*y = 3*f - 4094, -5*y = 3*f - 5119. Suppose -y = -5*l + 5*x, 2*l - 2*x - 413 = -x. Suppose -5*j = -1203 + l. Is j composite?
False
Suppose -z - 3*y + 86848 = 0, 3*y - 268870 = 5*z - 703128. Is z a prime number?
True
Suppose 0 = -2*b - 4*c + 16, -3*b - 9 = -7*c + 2*c. Suppose 0 = -10*f + b - 2. Suppose 2*o = -v + 747, f = 4*v + 4*o - 9*o - 3001. Is v prime?
False
Let v = 17 - -27. Let u = -42 + v. Is 7/(14/1146) - 0/u a prime number?
False
Let p(z) = z - 3. Let l be p(6). Let r be 253/2*(38 - 32) + -5. Suppose -k = l*s - 243 - r, 0 = 5*s. Is k a prime number?
True
Let y = 11 + -15. Is (1106 + -4)/(-2 - y) composite?
True
Suppose 3*k + 4 = 1, -2*g - 10 = 4*k. Let t = -2 - g. Is 31768/32 + t/4 a composite number?
True
Let c be 335/(-65) + 5 + (-7672)/(-13). Let g be (142/(-4))/((-3)/(-6)). Let i = g + c. Is i prime?
False
Let v(c) = 374*c**3 - 15*c**2 + 2*c + 16. Is v(7) a prime number?
False
Suppose 2*q + 3*b + 6 = -0, 0 = q + 3*b + 9. Suppose q*p - 4714 + 526 = 0. Let n = p + -911. Is n composite?
True
Is 3/(-1*-9*(-6)/(-5729652)) a prime number?
False
Let s(c) = -127*c - 332*c - 101*c - 16 + 117*c. Let b be s(-7). Suppose -3*y + b = 631. Is y a composite number?
True
Suppose -45 = -5*j + 2*i - 3*i, 23 = j + 3*i. Suppose 11*y - 13131 = j*y. Suppose 5*z + 4*t = y, 3*t + 883 = 3*z - 2*z. Is z a prime number?
True
Let v(u) = 19*u**2 - 19*u + 1295. Is v(-33) a prime number?
True
Let n(v) = 14913*v + 5882. Is n(13) a prime number?
True
Let r(h) = 102*h**2 + h - 2. Suppose -9*d - 45 = -0*d. Let q be r(d). Let w = q - 1785. Is w a composite number?
True
Suppose -530*j + 527*j = -163479. Is j prime?
True
Suppose g - 2*g = -2*i + 150616, 2*i - 150640 = -3*g. Is i a prime number?
False
Suppose 0 = -2119*s + 2107*s + 350148. Is s prime?
True
Let w(p) = 203075*p**2 + 13*p + 9. Is w(-1) composite?
True
Suppose 0 = -a - 21*h + 16*h + 34054, h = 3*a - 102146. Is a composite?
True
Let k be (-521356)/(-66) - (-4)/(-3). Suppose -8*a = 4*w - 5*a - k, 3948 = 2*w + a. Is w a prime number?
True
Suppose -4555*t + 344365 = -4550*t. Is t composite?
True
Let b be (-14)/35*(-2 + 7). Is 8911 + (-8)/(2 + 8/b) prime?
False
Let c be (3 + -10)*(150/(-35) + 4). Suppose 6*x - c*t = 5*x + 2221, 4*x - 5*t = 8878. Is x a prime number?
False
Suppose -25 + 100 = 3*j. Let x be 35/j - (-6)/(-15). Is (x/2)/(1/242) a prime number?
False
Suppose 4*b - 124 = -4*j, 5*j - 36 = -2*b + 26. Suppose b*a - 45966 = 53327. Is a prime?
True
Suppose -4*d + 3*v = -7959, 0 = -0*d + 2*d + 2*v - 3962. Suppose 2*a + 5*h = d, 3*h = a - 0*h - 971. Is a composite?
False
Let p = -21637 + 38802. Is p a prime number?
False
Is (-1216100 + 24)*(-9)/36 prime?
False
Let u = 73 + 74. Let t = 286 - u. Is t prime?
True
Let d(a) be the first derivative of 76*a**3/3 - a**2 + 23*a - 7. Is d(-7) a composite number?
False
Let s = 326 + -320. Suppose 0 = -s*t - 14*t + 66140. Is t a prime number?
True
Suppose 4*q + 109 = -11. Is (-98846)/q + 219/(-45) + 5 composite?
True
Let y(w) be the first derivative of -5*w**2/2 - 41*w - 27. Let s be y(-9). Suppose -s*t - 5*l + 4621 = 0, 0*l = -5*t + 5*l + 5810. Is t a prime number?
False
Suppose 0 = -390*j + 190*j + 192*j + 2349064. Is j a composite number?
False
Let m(z) = 61992*z + 551. Is m(4) a prime number?
False
Let u(d) = -74*d + 11. Let n = 21 + -21. Suppose -4*q - 5 - 15 = n. Is u(q) prime?
False
Is 581160/(9 + 3) + 7 a prime number?
True
Suppose 0 = -7*y + 3*y + 8. Suppose -y*a + 37 = 31. Suppose -a*u = -7*u + 1316. Is u prime?
False
Let i(c) = 2*c + 1367. Let o = -3 + -6. Let d be 0*(o/(-6) - 2). Is i(d) prime?
True
Suppose 15*z - 27 = 12*z. Let u(d) = 2*d - 16. Let j be u(z). Is (j + -4)*671/(-2) composite?
True
Suppose -110459 + 342594 = 3*m + 2*m. Is m composite?
True
Suppose 313350 = 113*z - 477989. Is z prime?
False
Suppose 5*y - 3*y - 199 = 5*a, -25 = -5*a. Suppose 105*c - y*c = -83965. Is c a composite number?
True
Let g(n) = -28*n**2 - 3*n + 1. Let x be g(1). Let h = x - -32. Is 3 + 48 + (2 - 2) + h prime?
True
Let x be 471/4 - -3 - (-8)/32. Let y = 21 - -165. Let q = y + x. Is q a prime number?
True
Let y(v) = v - 5. Let i be y(7). Let a(p) = 2*p**2 + 11*p - 54. Let x be a(-14). Suppose 0 = i*k + 6, 3*z - x - 620 = 3*k. Is z a prime number?
False
Let n = 116093 + -31872. Suppose -4*v - 31660 = 5*k - 115911, 0 = 4*v - 5*k - n. Is v a composite number?
False
Let k be 4/6*(-15)/(-10). Let t be k + 141/3 + -3. Let h = -14 + t. Is h a prime number?
True
Suppose 21 = -6*o + 3*o + 2*i, -5*i = -o - 20. Let v(c) = -9*c**3 + 11*c + 29. Is v(o) a composite number?
True
Let o be 4/(8/3) + (-21)/14. Suppose o = -5*c + 512 + 443. Is c a composite number?
False
Let t be ((-44)/(-110))/(2/(-36880)). Is t/(-3) + 18/54 composite?
False
Is 10683904/21 + 15/9 a prime number?
False
Let z(u) = 12311*u**3 + 3*u**2 - 44*u + 197. Is z(4) composite?
False
Let n(g) = g**3 + 7*g**2 + 11*g - 10. Let h be n(-4). Is (7/(14/h))/(24/(-122072)) prime?
True
Suppose -34215 = -3*x - 4*a, -2*a - 13123 - 43876 = -5*x. Suppose -x + 28866 = 7*b. Is b prime?
False
Is (-61)/(-549) - (-4 - 3255800/36) prime?
False
Let x(t) = 4865*t**2 - 48*t - 38. Is x(3) composite?
True
Suppose -3*b + 3*f + 21426 = 6846, 4*f = -12. Is b composite?
True
Let n(k) = 85*k**2 + 11*k - 12. Let m(s) = -86*s**2 - 12*s + 11. Let v(d) = 4*m(d) + 5*n(d). Is v(6) prime?
False
Suppose -1521*t + 1518*t + 109239 = 0. Is t composite?
True
Suppose 12*o + 8 = 8*o, 4*o + 3 = -b. Suppose -2*q = -x - 79 - 78, 394 = b*q - x. Is q a prime number?
True
Let k = -83 + 88. Is 274*((-70)/(-4))/k composite?
True
Suppose 46 + 94 = 14*b. Let j(s) = 27*s**2 - 8*s + 23. Is j(b) prime?
False
Let g(t) = -45*t - 13. Let m = -46 + 54. Suppose -12*n - 24 = -m*n. Is g(n) a prime number?
True
Let b(k) be the third derivative of -k**6/120 + k**5/30 - k**3/2 - 9*k**2. Let a be b(-2). Suppose -m - a = -1404. Is m a composite number?
True
Suppose -2*u - 4*q = -208, -580 = -u - 4*u + 5*q. Suppose -108*b - 628 = -u*b. Is b a composite number?
False
Suppose 0 = -f + t - 13855, 5*f - 2*t + 44348 + 24939 = 0. Let c = f + 21957. Is c prime?
False
Suppose 4*c = -6 + 22, z - 9 = 4*c. Is -2*1/5 - (-143885)/z a prime number?
False
Suppose -184*i + 171*i + 4123984 = -1324147. Is i composite?
False
Let i be 2*2/18 - 50/(-18). Suppose -4*m = -a + 16 - i, 3*a + 2*m - 39 = 0. Is a a prime number?
True
Suppose 4*q - 43175 = -4*t + 264461, 2*t - 4 = 0. Is q prime?
True
Let a(b) = -11*b. Let z be a(-1). Let p be (-1)/3 - z/(198/48). Is 88*(-19)/p - 3/9 prime?
True
Let s = -370 + 367. Let l(z) = 2